 + 57038 = 3*x + 326*t. Is x prime?
False
Let m = 149 + 115. Is 6/(-4)*(-11)/(m/164816) composite?
False
Suppose -4*w = 3*s - 41, 2*w = w + 4*s + 34. Suppose -w*p + 244 = -10*p. Let b = 1184 - p. Is b a composite number?
False
Let x = -576450 + 912802. Suppose -41*t + x = -9*t. Is t prime?
False
Let c(s) = 181*s**2 + 5 - 66*s + 127*s**2 + 60*s. Is c(1) composite?
False
Let r be 2 + (-1 - (5 + -3)) + 4. Let w be r - (813/(-2) - 4/8). Let o = 116 + w. Is o composite?
True
Let c(h) = 34*h**2 + 18*h + 679. Is c(-49) composite?
True
Let w = -60 + 63. Suppose 2*b - a + w*a - 4442 = 0, b - 2233 = -4*a. Is b composite?
True
Suppose -411*r - 35 = -418*r. Suppose -4*n = -3*g + 10127, -9*g + n + 13507 = -r*g. Is g composite?
True
Suppose -u + 452171 = -3*l, -200*l - 2260695 = -5*u - 205*l. Is u a composite number?
True
Let g(c) = -28*c**3 + 9*c**2 - 9*c - 119. Is g(-16) prime?
True
Suppose 8 = 5*a + 3. Let q be -4 + (a - 0) + -1 + 12. Is q/36 + (-2 - 7041/(-27)) prime?
False
Suppose -3*l + 531695 = -2*z - 133566, -4 = -2*z. Is l prime?
False
Let f(q) = -q**3 - 10*q**2 + 15*q - 19. Let c = -29 - -40. Suppose c + 15 = -2*v. Is f(v) a composite number?
False
Let m = 823078 + -507951. Is m composite?
False
Let p = -471 - -466. Let u(n) = -148*n - 63. Is u(p) prime?
True
Let o(l) = 2*l**3 - 3*l**2 - 2*l + 1. Let c be o(2). Let x(d) = 406*d**2 - c - 2 - 2 + 3*d - 1. Is x(-3) a prime number?
False
Let d = 7 + -5. Let b(k) = 86*k**2 + 5*k - k + d*k - 2*k - 5. Is b(2) a composite number?
False
Let r(o) = -41*o**2 + 20*o**2 - o + 22*o**2 + 5. Let l(f) = -2*f**2 - 4*f - 5. Let c be l(-2). Is r(c) a prime number?
False
Let g(h) = h - 4. Let x be g(5). Let z(m) = 7*m**2 - 2 + 3*m**2 - 9*m**2 + 1271*m**3 + m. Is z(x) composite?
True
Suppose 0 = -a - 5*w + 9, 0 = -a + 5*a - 5*w - 11. Suppose -x - 2725 = -2*y + 2*x, y - 1365 = a*x. Is y a prime number?
True
Suppose -o - 3*o = -2*q + 4, -3*o = -3*q + 6. Let k(i) = 9*i + 7895. Is k(o) a prime number?
False
Is (-36)/(-228) + 6441776/19 prime?
False
Let f(u) = -u**3 + 9*u**2 - 9*u + 8. Let t be f(8). Suppose t = 4*z - 16. Suppose -n + 245 = 2*i, -z*n + n = -i - 707. Is n composite?
True
Let q(f) = 4*f**3 - 19*f**2 + 131*f - 571. Is q(33) a composite number?
True
Let v(b) be the second derivative of 139*b**3/6 + b**2 + 58*b. Is v(5) prime?
False
Let g(i) = i**3 - 12*i**2 + 30*i + 9. Let j be g(8). Is j - 195/(-2)*80 prime?
True
Suppose 5*y - 6954 = -1224. Let x = 458 - 453. Suppose y - 3656 = -x*p. Is p a composite number?
True
Let j = -218 - -221. Suppose -1562 = -j*p + 1699. Is p prime?
True
Suppose -f + 15 = -11. Let a = 29 - f. Suppose -a*r + 1095 + 366 = 0. Is r composite?
False
Let u(m) = 40348*m**3 - 2*m**2 - 28*m + 28. Is u(1) composite?
True
Let z be 4/((-9 - -4) + 7). Suppose 30 - 44 = -z*q. Suppose -q*o + 5*o = 3*w - 4295, -3*o + 3*w + 6450 = 0. Is o composite?
True
Suppose 11*g - 20 = 6*g. Suppose g*k + 1332 = 4*z, 0 = -4*k + z - 1380 + 63. Let s = k + 735. Is s a composite number?
True
Suppose 18 = -4*r + 7*r. Suppose -599 = -r*t + 805. Suppose -84 = -5*c + 5*p + 471, 2*c - t = -4*p. Is c a composite number?
False
Let j(w) be the first derivative of -35*w**2 + 159*w - 74. Is j(-8) a prime number?
True
Let b(w) = w**3 - w**2 - 8. Let x be b(0). Let l = 4 + x. Let i(t) = -287*t - 25. Is i(l) a composite number?
False
Suppose 15*j + 5*j = 13668898 + 3802162. Is j composite?
False
Suppose 33*y = 9*y + 5917708 - 604276. Is y a prime number?
True
Suppose -11*q - 2 = -46. Suppose -q*w - w = -7585. Is w composite?
True
Let s(h) = -7274*h + 4029. Is s(-20) a prime number?
False
Let s = -8357 + 17249. Suppose s = 3*o + 1095. Is o a prime number?
False
Is 7 - 38/5 - 2439740/(-25) a prime number?
False
Let i(p) = 29237*p - 92. Let z be i(2). Is (z/10 - 5)/((-4)/(-10)) a prime number?
False
Let a = -276965 + 425280. Is a a prime number?
False
Let m = -9587 + 15287. Suppose 7*j + d = 4*j + m, 0 = j + 2*d - 1895. Is j a prime number?
True
Suppose -u = -108*h + 107*h - 262818, -2*u - 2*h + 525608 = 0. Is u prime?
False
Let b(f) = f**2 + 14*f + 45. Let v be b(-4). Let u be 1*-7*(-1068)/7. Is -2 + v + (u - -2) + 4 a composite number?
True
Suppose 0*q - 17*q = -68. Is q*(-5)/(-40) + (-2322)/(-4) a composite number?
True
Let g(h) = -h**3 - 9*h**2 + 4*h - 4. Let w be g(-9). Let i = -37 - w. Suppose 0*b - 669 = -i*b. Is b prime?
True
Let u(m) = m - 2. Let l be u(4). Suppose -h = -4*w + 20, 13 - 1 = -l*w - 5*h. Suppose -n - 36315 = -4*g, -w*g + 11911 + 24400 = -5*n. Is g a prime number?
False
Let l be (-28)/10 + 2 - 84224/70. Suppose 0*y = -5*y + 8830. Let m = y + l. Is m composite?
True
Let v be (-14 - -12)/(2/5788). Let x = v + 8991. Is x a prime number?
True
Let x = 2633 + -493. Let w = 10671 - x. Is w prime?
False
Let m = -359 - -364. Suppose 16*l = 20*l - 4*u - 134108, -m*l = -2*u - 167641. Is l composite?
False
Let b = 5847 - 7814. Let o = -2325 - -1129. Let l = o - b. Is l prime?
False
Suppose 2*d - 195 - 1437 = 0. Suppose t + 4*j - d = -3*t, 4*t - 3*j = 816. Let f = t + 463. Is f prime?
False
Let l(b) = -b + 1. Let w be l(-4). Suppose w*d + 0*d = 2415. Suppose -c = 2*c - d. Is c a prime number?
False
Suppose 5*p + 2 = 17. Let y = p + 12. Suppose 8*r + 9793 = y*r. Is r a composite number?
False
Suppose 401*p - 326*p - 24433644 - 45003081 = 0. Is p composite?
False
Suppose -5*o - 8 = -6*o. Let n be (-1 - 0) + (-4)/(o/(-2002)). Suppose n = 4*z + 4*m, m + 3 = -2*m. Is z composite?
False
Suppose 0 = -8*n + 37 - 13. Suppose -3*m - v = 3 - 2, -n*v - 3 = 0. Suppose -r - 3 + 90 = m. Is r prime?
False
Suppose 9*p - 1693249 - 142932 = -160795. Is p composite?
True
Let z(v) = 2*v**2 - 70*v + 2619. Is z(70) composite?
True
Let s = -21 + 25. Suppose s*o - 2*o - 12 = 0. Suppose 1884 + 2514 = o*i. Is i composite?
False
Suppose -4*j + 4*c + 112588 = 0, 3*c + 2*c = 20. Is j prime?
True
Let h(p) be the third derivative of p**6/60 - p**5/60 - p**4/12 + 221*p**3/6 - 72*p**2. Is h(0) a composite number?
True
Suppose -23632185 - 7918552 = -127*a. Is a a composite number?
False
Let m(c) = 9651*c - 5. Let a be m(1). Suppose -3402 + a = 2*b. Suppose -2157 = -w + f, 3345 = 3*w - f - b. Is w prime?
False
Let h be (-1)/((-8)/12)*67376/(-24). Let g = -822 - h. Is g prime?
True
Let r(x) = -11371*x + 934. Is r(-15) a prime number?
False
Is 10/(900/(-15)) + 108309/18 a prime number?
False
Is 93809/(((-208)/65)/(-16)) a composite number?
True
Let n = 474 - -709. Let m = n - 548. Is m a prime number?
False
Suppose -y = -4*b - 2370, 3*y - 2*b = -0*y + 7060. Suppose 417 = -w + y. Suppose 1500 = z - k, -4*z = 5*k - 4076 - w. Is z prime?
False
Let y be 4*7759 + (-32)/(-8). Suppose y = 5*d - c + 2*c, -d + 6192 = -3*c. Is d a composite number?
True
Let r be 2/4 - 9978/(-4). Suppose 610*v + 7528 - 47512 = 634*v. Let q = r + v. Is q composite?
False
Suppose 6*d + 81 = -3*d. Let n be 3*(1/(-1) + 588/d). Is -1*((n - -2) + 3) prime?
False
Suppose -2*v + 273 = -2163. Suppose -1411 - 753 = 4*z. Let c = z + v. Is c composite?
False
Is 1665/222*((-11974)/(-3) - 0) a composite number?
True
Suppose -y - 49048 + 175402 = 2*y. Is y a composite number?
True
Let g(a) = -98 - 23*a - 11*a - 53 - 3*a - 133*a. Is g(-19) a composite number?
False
Let v(y) = 5*y + 35. Suppose -j = -4*t - 1, 19 = -3*j + 3*t - 2*t. Let n be v(j). Suppose -3*l + 2135 + 3532 = n. Is l composite?
False
Let d(b) be the third derivative of b**6/60 + 41*b**5/60 - 7*b**4/8 + 17*b**3/2 + 7*b**2. Is d(-21) a composite number?
True
Suppose 0*y + 4*z - 986 = -y, -4*z + 2974 = 3*y. Suppose -5683 = -3*h - y. Suppose -h = -11*j + 8*j. Is j a prime number?
True
Let b = -2913 - 3898. Let n(m) = 107*m - 665. Let v be n(-39). Let r = v - b. Is r a composite number?
False
Let x = 374 - 259. Suppose 0 = -5*i + 168 - 568. Let g = x + i. Is g prime?
False
Suppose -14*l - 212 = 39*l. Is -5*190/(-75)*(-2874)/l a prime number?
False
Let m(k) = -192*k + 35. Let h be m(9). Is (-4 - -5)/((-1)/h) prime?
True
Let p(t) = 73*t**2 - 694*t + 570. Is p(-91) prime?
False
Let r be -5*(-299)/1 - (-4 + 3). Let w = -391 + 2518. Let f = w - r. Is f a prime number?
True
Let r(d) = 173*d**2 - 58*d + 373. Is r(12) composite?
True
Suppose -6*j = -9 - 3. Let l(w) = -17*w + 11 + 49*w**2 - 61*w**2 + 33*w**j. Is l(7) a prime number?
False
Let m = -4